{"id":717,"date":"2022-03-14T12:49:25","date_gmt":"2022-03-14T11:49:25","guid":{"rendered":"https:\/\/www.bogensport-beier.de\/magazin\/?page_id=717"},"modified":"2023-05-16T09:07:18","modified_gmt":"2023-05-16T07:07:18","slug":"mini-armbrust","status":"publish","type":"page","link":"https:\/\/www.bogensport-beier.de\/magazin\/mini-armbrust\/","title":{"rendered":"Mini Armbrust"},"content":{"rendered":"<div  class='flex_column av-8ve8l-dc02cc228bbd59dafd25acb571e87cb2 av_one_full  avia-builder-el-0  el_before_av_button  avia-builder-el-first  first flex_column_div  '     ><p>\n<style type=\"text\/css\" data-created_by=\"avia_inline_auto\" id=\"style-css-av-l0qn7tk1-ea3d34d899a7a519b6329f96f98e43e7\">\n#top .av-special-heading.av-l0qn7tk1-ea3d34d899a7a519b6329f96f98e43e7{\npadding-bottom:10px;\n}\nbody .av-special-heading.av-l0qn7tk1-ea3d34d899a7a519b6329f96f98e43e7 .av-special-heading-tag .heading-char{\nfont-size:25px;\n}\n.av-special-heading.av-l0qn7tk1-ea3d34d899a7a519b6329f96f98e43e7 .av-subheading{\nfont-size:15px;\n}\n<\/style>\n<div  class='av-special-heading av-l0qn7tk1-ea3d34d899a7a519b6329f96f98e43e7 av-special-heading-h1 blockquote modern-quote  avia-builder-el-1  el_before_av_image  avia-builder-el-first '><h1 class='av-special-heading-tag '  itemprop=\"headline\"  >Die Mini Armbrust \/ Pistolen Armbrust<\/h1><div class=\"special-heading-border\"><div class=\"special-heading-inner-border\"><\/div><\/div><\/div><br \/>\n\n<style type=\"text\/css\" data-created_by=\"avia_inline_auto\" id=\"style-css-av-aulid-111889c65b0e88d040c7d643d5d17e1f\">\n.avia-image-container.av-aulid-111889c65b0e88d040c7d643d5d17e1f img.avia_image{\nbox-shadow:none;\n}\n.avia-image-container.av-aulid-111889c65b0e88d040c7d643d5d17e1f .av-image-caption-overlay-center{\ncolor:#ffffff;\n}\n<\/style>\n<div  class='avia-image-container av-aulid-111889c65b0e88d040c7d643d5d17e1f av-styling- avia-align-center  avia-builder-el-2  el_after_av_heading  el_before_av_textblock '   itemprop=\"image\" itemscope=\"itemscope\" itemtype=\"https:\/\/schema.org\/ImageObject\" ><div class=\"avia-image-container-inner\"><div class=\"avia-image-overlay-wrap\"><img decoding=\"async\" fetchpriority=\"high\" class='wp-image-841 avia-img-lazy-loading-not-841 avia_image ' src=\"https:\/\/www.bogensport-beier.de\/magazin\/wp-content\/uploads\/2022\/04\/mini-armbrust-supersonic-xl-ar-15-bogensport-beier-1-300x300.jpg\" alt='' title='mini-armbrust-supersonic-xl-ar-15-bogensport-beier-1'  height=\"300\" width=\"300\"  itemprop=\"thumbnailUrl\" srcset=\"https:\/\/www.bogensport-beier.de\/magazin\/wp-content\/uploads\/2022\/04\/mini-armbrust-supersonic-xl-ar-15-bogensport-beier-1-300x300.jpg 300w, https:\/\/www.bogensport-beier.de\/magazin\/wp-content\/uploads\/2022\/04\/mini-armbrust-supersonic-xl-ar-15-bogensport-beier-1-1030x1030.jpg 1030w, https:\/\/www.bogensport-beier.de\/magazin\/wp-content\/uploads\/2022\/04\/mini-armbrust-supersonic-xl-ar-15-bogensport-beier-1-80x80.jpg 80w, https:\/\/www.bogensport-beier.de\/magazin\/wp-content\/uploads\/2022\/04\/mini-armbrust-supersonic-xl-ar-15-bogensport-beier-1-768x768.jpg 768w, https:\/\/www.bogensport-beier.de\/magazin\/wp-content\/uploads\/2022\/04\/mini-armbrust-supersonic-xl-ar-15-bogensport-beier-1-36x36.jpg 36w, https:\/\/www.bogensport-beier.de\/magazin\/wp-content\/uploads\/2022\/04\/mini-armbrust-supersonic-xl-ar-15-bogensport-beier-1-180x180.jpg 180w, https:\/\/www.bogensport-beier.de\/magazin\/wp-content\/uploads\/2022\/04\/mini-armbrust-supersonic-xl-ar-15-bogensport-beier-1-705x705.jpg 705w, https:\/\/www.bogensport-beier.de\/magazin\/wp-content\/uploads\/2022\/04\/mini-armbrust-supersonic-xl-ar-15-bogensport-beier-1.jpg 1500w\" sizes=\"(max-width: 300px) 100vw, 300px\" \/><\/div><\/div><\/div><br \/>\n<section  class='av_textblock_section av-l0qn6d4y-910ed709d8abdc3f61f536904c87d05f '   itemscope=\"itemscope\" itemtype=\"https:\/\/schema.org\/CreativeWork\" ><div class='avia_textblock'  itemprop=\"text\" ><p>In der Regel sind Pistolen <strong>Armbr\u00fcste<\/strong> kleiner Ausf\u00fchrungen der normalen Gro\u00dfen Recurve <em>Armbrust<\/em> oder Compound <em>Armbrust<\/em>. Wir bieten hier in unserem Store eine Vielzahl von Pistolen<em>armbr\u00fcsten<\/em> an. Eine Pistolen<em>armbrust<\/em> ist in der Regel eine einfache aber dennoch eine effektive <em>Armbrust<\/em>, die sehr handlich und klein ist, wie eine Pistole eben. Meist lassen sich Pistolen <em>Armbr\u00fcste<\/em> schneller spannen und sind schnell schussbereit.<\/p>\n<p>Pistolen<em>armbr\u00fcste<\/em> sind nicht nur kleinere Ausf\u00fchrungen, sie besitzen in der Regel auch weniger Zuggewicht als ihre gro\u00dfen \u201cBr\u00fcder\u201c. Das Zuggewicht von Pistolen <em>Armbr\u00fcsten<\/em> liegt meist zwischen 50 und 150 lbs. Aber trotz ihrer kleineren Gr\u00f6\u00dfe darf eine Pistolen <em>Armbrust<\/em> nicht untersch\u00e4tzt werden. Durchschlagskraft und Reichweite der von Pistolen<em>armbr\u00fcsten<\/em> beschossenen <em>Armbrust<\/em>bolzen k\u00f6nnen hoch sein! Die <em>Armbrust<\/em>bolzen von Pistolen <em>Armbr\u00fcsten<\/em> sind wesentlich k\u00fcrzer, als die der gr\u00f6\u00dferen <em>Armbr\u00fcste<\/em>.<\/p>\n<p>Dieses Sportger\u00e4t, eine Pistolen<em>armbrust<\/em>, erfreut sich wachsender Beliebtheit. Der unge\u00fcbte Sch\u00fctze erh\u00f6ht schnell seine Treffsicherheit durch das schie\u00dfen \u00fcber \u201cKimme und Korn\u201c.Die montage von Zielfernrohren oder anderen Zieleinrichtungen kann das pr\u00e4zisiert werden.<\/p>\n<p>Bitte unbedingt dran denken, dass auch Pistolen <em>Armbr\u00fcste<\/em> dem deutschen Waffengesetz unterliegen und nur an Vollj\u00e4hrige Personen abgegeben werden d\u00fcrfen. In anderen L\u00e4ndern erkundige dich bitte selbst, ob diese frei gekauft und ggf. gef\u00fchrt werden d\u00fcrfen.<\/p>\n<p>Das Schie\u00dfen mit einer Pistolen<em>armbrust<\/em> macht gro\u00dfen Spa\u00df und ist schnell erlernt.<\/p>\n<\/div><\/section><\/p><\/div><div  class='avia-button-wrap av-l25yg9ys-724a95e69b71a27f61d31dff20828c71-wrap avia-button-center  avia-builder-el-4  el_after_av_one_full  avia-builder-el-last '><a href='https:\/\/www.bogensport-beier.de\/armbrueste\/mini-armbrust\/' class='avia-button av-l25yg9ys-724a95e69b71a27f61d31dff20828c71 av-link-btn avia-icon_select-yes-right-icon avia-size-small avia-position-center avia-color-theme-color' target=\"_blank\" rel=\"noopener noreferrer\" aria-label=\"zu den Mini Armbr\u00fcsten im Shop\"><span class='avia_iconbox_title' >zu den Mini Armbr\u00fcsten im Shop<\/span><span class='avia_button_icon avia_button_icon_right' aria-hidden='true' data-av_icon='\ue889' data-av_iconfont='entypo-fontello'><\/span><\/a><\/div><\/p>\n","protected":false},"excerpt":{"rendered":"","protected":false},"author":1,"featured_media":0,"parent":0,"menu_order":0,"comment_status":"closed","ping_status":"closed","template":"","meta":{"footnotes":""},"class_list":["post-717","page","type-page","status-publish","hentry"],"yoast_head":"<!-- This site is optimized with the Yoast SEO plugin v27.1.1 - https:\/\/yoast.com\/product\/yoast-seo-wordpress\/ -->\n<title>Mini Armbrust - Magazin - Bogensport Beier<\/title>\n<meta name=\"description\" content=\"Mini Armbr\u00fcste oder auch Pistolen Armbr\u00fcste erfreuen sich immer gr\u00f6\u00dferer Beliebtheit. Treffsicherheit auch bei unge\u00fcbten Sch\u00fctzen.\" \/>\n<meta name=\"robots\" content=\"index, follow, max-snippet:-1, max-image-preview:large, max-video-preview:-1\" \/>\n<link rel=\"canonical\" href=\"https:\/\/www.bogensport-beier.de\/magazin\/mini-armbrust\/\" \/>\n<meta property=\"og:locale\" content=\"de_DE\" \/>\n<meta property=\"og:type\" content=\"article\" \/>\n<meta property=\"og:title\" content=\"Mini Armbrust - Magazin - Bogensport Beier\" \/>\n<meta property=\"og:description\" content=\"Mini Armbr\u00fcste oder auch Pistolen Armbr\u00fcste erfreuen sich immer gr\u00f6\u00dferer Beliebtheit. Treffsicherheit auch bei unge\u00fcbten Sch\u00fctzen.\" \/>\n<meta property=\"og:url\" content=\"https:\/\/www.bogensport-beier.de\/magazin\/mini-armbrust\/\" \/>\n<meta property=\"og:site_name\" content=\"Magazin - Bogensport Beier\" \/>\n<meta property=\"article:modified_time\" content=\"2023-05-16T07:07:18+00:00\" \/>\n<meta name=\"twitter:card\" content=\"summary_large_image\" \/>\n<meta name=\"twitter:label1\" content=\"Gesch\u00e4tzte Lesezeit\" \/>\n\t<meta name=\"twitter:data1\" content=\"3\u00a0Minuten\" \/>\n<script type=\"application\/ld+json\" class=\"yoast-schema-graph\">{\"@context\":\"https:\/\/schema.org\",\"@graph\":[{\"@type\":\"WebPage\",\"@id\":\"https:\/\/www.bogensport-beier.de\/magazin\/mini-armbrust\/\",\"url\":\"https:\/\/www.bogensport-beier.de\/magazin\/mini-armbrust\/\",\"name\":\"Mini Armbrust - Magazin - Bogensport Beier\",\"isPartOf\":{\"@id\":\"https:\/\/www.bogensport-beier.de\/magazin\/#website\"},\"datePublished\":\"2022-03-14T11:49:25+00:00\",\"dateModified\":\"2023-05-16T07:07:18+00:00\",\"description\":\"Mini Armbr\u00fcste oder auch Pistolen Armbr\u00fcste erfreuen sich immer gr\u00f6\u00dferer Beliebtheit. Treffsicherheit auch bei unge\u00fcbten Sch\u00fctzen.\",\"breadcrumb\":{\"@id\":\"https:\/\/www.bogensport-beier.de\/magazin\/mini-armbrust\/#breadcrumb\"},\"inLanguage\":\"de\",\"potentialAction\":[{\"@type\":\"ReadAction\",\"target\":[\"https:\/\/www.bogensport-beier.de\/magazin\/mini-armbrust\/\"]}]},{\"@type\":\"BreadcrumbList\",\"@id\":\"https:\/\/www.bogensport-beier.de\/magazin\/mini-armbrust\/#breadcrumb\",\"itemListElement\":[{\"@type\":\"ListItem\",\"position\":1,\"name\":\"Startseite\",\"item\":\"https:\/\/www.bogensport-beier.de\/magazin\/\"},{\"@type\":\"ListItem\",\"position\":2,\"name\":\"Mini Armbrust\"}]},{\"@type\":\"WebSite\",\"@id\":\"https:\/\/www.bogensport-beier.de\/magazin\/#website\",\"url\":\"https:\/\/www.bogensport-beier.de\/magazin\/\",\"name\":\"Magazin - Bogensport Beier\",\"description\":\"Alles rund um den Bogensport\",\"potentialAction\":[{\"@type\":\"SearchAction\",\"target\":{\"@type\":\"EntryPoint\",\"urlTemplate\":\"https:\/\/www.bogensport-beier.de\/magazin\/?s={search_term_string}\"},\"query-input\":{\"@type\":\"PropertyValueSpecification\",\"valueRequired\":true,\"valueName\":\"search_term_string\"}}],\"inLanguage\":\"de\"}]}<\/script>\n<!-- \/ Yoast SEO plugin. -->","yoast_head_json":{"title":"Mini Armbrust - Magazin - Bogensport Beier","description":"Mini Armbr\u00fcste oder auch Pistolen Armbr\u00fcste erfreuen sich immer gr\u00f6\u00dferer Beliebtheit. Treffsicherheit auch bei unge\u00fcbten Sch\u00fctzen.","robots":{"index":"index","follow":"follow","max-snippet":"max-snippet:-1","max-image-preview":"max-image-preview:large","max-video-preview":"max-video-preview:-1"},"canonical":"https:\/\/www.bogensport-beier.de\/magazin\/mini-armbrust\/","og_locale":"de_DE","og_type":"article","og_title":"Mini Armbrust - Magazin - Bogensport Beier","og_description":"Mini Armbr\u00fcste oder auch Pistolen Armbr\u00fcste erfreuen sich immer gr\u00f6\u00dferer Beliebtheit. Treffsicherheit auch bei unge\u00fcbten Sch\u00fctzen.","og_url":"https:\/\/www.bogensport-beier.de\/magazin\/mini-armbrust\/","og_site_name":"Magazin - Bogensport Beier","article_modified_time":"2023-05-16T07:07:18+00:00","twitter_card":"summary_large_image","twitter_misc":{"Gesch\u00e4tzte Lesezeit":"3\u00a0Minuten"},"schema":{"@context":"https:\/\/schema.org","@graph":[{"@type":"WebPage","@id":"https:\/\/www.bogensport-beier.de\/magazin\/mini-armbrust\/","url":"https:\/\/www.bogensport-beier.de\/magazin\/mini-armbrust\/","name":"Mini Armbrust - Magazin - Bogensport Beier","isPartOf":{"@id":"https:\/\/www.bogensport-beier.de\/magazin\/#website"},"datePublished":"2022-03-14T11:49:25+00:00","dateModified":"2023-05-16T07:07:18+00:00","description":"Mini Armbr\u00fcste oder auch Pistolen Armbr\u00fcste erfreuen sich immer gr\u00f6\u00dferer Beliebtheit. Treffsicherheit auch bei unge\u00fcbten Sch\u00fctzen.","breadcrumb":{"@id":"https:\/\/www.bogensport-beier.de\/magazin\/mini-armbrust\/#breadcrumb"},"inLanguage":"de","potentialAction":[{"@type":"ReadAction","target":["https:\/\/www.bogensport-beier.de\/magazin\/mini-armbrust\/"]}]},{"@type":"BreadcrumbList","@id":"https:\/\/www.bogensport-beier.de\/magazin\/mini-armbrust\/#breadcrumb","itemListElement":[{"@type":"ListItem","position":1,"name":"Startseite","item":"https:\/\/www.bogensport-beier.de\/magazin\/"},{"@type":"ListItem","position":2,"name":"Mini Armbrust"}]},{"@type":"WebSite","@id":"https:\/\/www.bogensport-beier.de\/magazin\/#website","url":"https:\/\/www.bogensport-beier.de\/magazin\/","name":"Magazin - Bogensport Beier","description":"Alles rund um den Bogensport","potentialAction":[{"@type":"SearchAction","target":{"@type":"EntryPoint","urlTemplate":"https:\/\/www.bogensport-beier.de\/magazin\/?s={search_term_string}"},"query-input":{"@type":"PropertyValueSpecification","valueRequired":true,"valueName":"search_term_string"}}],"inLanguage":"de"}]}},"_links":{"self":[{"href":"https:\/\/www.bogensport-beier.de\/magazin\/wp-json\/wp\/v2\/pages\/717","targetHints":{"allow":["GET"]}}],"collection":[{"href":"https:\/\/www.bogensport-beier.de\/magazin\/wp-json\/wp\/v2\/pages"}],"about":[{"href":"https:\/\/www.bogensport-beier.de\/magazin\/wp-json\/wp\/v2\/types\/page"}],"author":[{"embeddable":true,"href":"https:\/\/www.bogensport-beier.de\/magazin\/wp-json\/wp\/v2\/users\/1"}],"replies":[{"embeddable":true,"href":"https:\/\/www.bogensport-beier.de\/magazin\/wp-json\/wp\/v2\/comments?post=717"}],"version-history":[{"count":11,"href":"https:\/\/www.bogensport-beier.de\/magazin\/wp-json\/wp\/v2\/pages\/717\/revisions"}],"predecessor-version":[{"id":879,"href":"https:\/\/www.bogensport-beier.de\/magazin\/wp-json\/wp\/v2\/pages\/717\/revisions\/879"}],"wp:attachment":[{"href":"https:\/\/www.bogensport-beier.de\/magazin\/wp-json\/wp\/v2\/media?parent=717"}],"curies":[{"name":"wp","href":"https:\/\/api.w.org\/{rel}","templated":true}]}}