{"id":157,"date":"2021-09-01T09:47:51","date_gmt":"2021-09-01T07:47:51","guid":{"rendered":"https:\/\/www.bogensport-beier.de\/magazin\/neu\/?page_id=157"},"modified":"2024-09-03T15:56:33","modified_gmt":"2024-09-03T13:56:33","slug":"ethafoamzielscheiben-bogenschiessen","status":"publish","type":"page","link":"https:\/\/www.bogensport-beier.de\/magazin\/ethafoamzielscheiben-bogenschiessen\/","title":{"rendered":"Ethafoamzielscheiben"},"content":{"rendered":"<div  class='flex_column av-23wcbh-f76a4528e535668c413e3a28670512be av_one_full  avia-builder-el-0  el_before_av_one_full  avia-builder-el-first  first flex_column_div  '     ><style type=\"text\/css\" data-created_by=\"avia_inline_auto\" id=\"style-css-av-1ugzhx-e29a822ece173bffc6b79f929286ec33\">\n#top .av-special-heading.av-1ugzhx-e29a822ece173bffc6b79f929286ec33{\npadding-bottom:10px;\n}\nbody .av-special-heading.av-1ugzhx-e29a822ece173bffc6b79f929286ec33 .av-special-heading-tag .heading-char{\nfont-size:25px;\n}\n.av-special-heading.av-1ugzhx-e29a822ece173bffc6b79f929286ec33 .av-subheading{\nfont-size:15px;\n}\n<\/style>\n<div  class='av-special-heading av-1ugzhx-e29a822ece173bffc6b79f929286ec33 av-special-heading-h2 blockquote modern-quote  avia-builder-el-1  avia-builder-el-no-sibling '><h2 class='av-special-heading-tag '  itemprop=\"headline\"  >Ethafoam &#8211; die clevere Wahl<\/h2><div class=\"special-heading-border\"><div class=\"special-heading-inner-border\"><\/div><\/div><\/div><\/div>\n<div  class='flex_column av-6iw51-7df0f984dc77eaeb0a034894853bd33f av_one_full  avia-builder-el-2  el_after_av_one_full  el_before_av_one_full  first flex_column_div  column-top-margin'     ><style type=\"text\/css\" data-created_by=\"avia_inline_auto\" id=\"style-css-av-1mggx9-ad99bc9e85ec3a56774bd4347340e64b\">\n.avia-image-container.av-1mggx9-ad99bc9e85ec3a56774bd4347340e64b img.avia_image{\nbox-shadow:none;\n}\n.avia-image-container.av-1mggx9-ad99bc9e85ec3a56774bd4347340e64b .av-image-caption-overlay-center{\ncolor:#ffffff;\n}\n<\/style>\n<div  class='avia-image-container av-1mggx9-ad99bc9e85ec3a56774bd4347340e64b av-styling- avia-align-center  avia-builder-el-3  avia-builder-el-no-sibling '   itemprop=\"image\" itemscope=\"itemscope\" itemtype=\"https:\/\/schema.org\/ImageObject\" ><div class=\"avia-image-container-inner\"><div class=\"avia-image-overlay-wrap\"><img decoding=\"async\" fetchpriority=\"high\" class='wp-image-1379 avia-img-lazy-loading-not-1379 avia_image ' src=\"https:\/\/www.bogensport-beier.de\/magazin\/wp-content\/uploads\/2023\/09\/ethafoam-zielscheibe-bogenschiessen-bogensport-beier-1.jpg\" alt='' title='ethafoam-zielscheibe-bogenschie\u00dfen-bogensport-beier-1'  height=\"600\" width=\"399\"  itemprop=\"thumbnailUrl\" srcset=\"https:\/\/www.bogensport-beier.de\/magazin\/wp-content\/uploads\/2023\/09\/ethafoam-zielscheibe-bogenschiessen-bogensport-beier-1.jpg 399w, https:\/\/www.bogensport-beier.de\/magazin\/wp-content\/uploads\/2023\/09\/ethafoam-zielscheibe-bogenschiessen-bogensport-beier-1-200x300.jpg 200w\" sizes=\"(max-width: 399px) 100vw, 399px\" \/><\/div><\/div><\/div><\/div>\n<div  class='flex_column av-1e2xzh-542073adfaeb386692dceae8a3944dea av_one_full  avia-builder-el-4  el_after_av_one_full  el_before_av_one_full  first flex_column_div  column-top-margin'     ><section  class='av_textblock_section av-19is9h-95e14cb11411ede9fe6dacd8d0a63df7 '   itemscope=\"itemscope\" itemtype=\"https:\/\/schema.org\/CreativeWork\" ><div class='avia_textblock'  itemprop=\"text\" ><p><em><strong>Zielscheiben<\/strong> <\/em>aus <em><strong>Ethafoam<\/strong> <\/em>haben sich seit\u00a0 Jahrzehnten im <em><strong>Bogenschie\u00dfen<\/strong> <\/em>und <em><strong>Bogensport<\/strong> <\/em>bew\u00e4hrt. <em>Ethafoam<\/em> ist ein gesch\u00fctzter Begriff f\u00fcr ein spezielles Polyethylen-Schaummaterial. Dieses Scheibenmaterial ist vor einigen Jahren aus lizenzrechtlichen Gr\u00fcnden mit einem Schlag vom Markt verschwunden. Hersteller von <em>Bogensport<\/em>\u2013<em>Zielscheiben<\/em> haben relativ schnell auf andere Kunstsch\u00e4ume zur\u00fcckgegriffen und den Markt damit, zum Teil auch unlauter, unter dem Begriff <em>Ethafoam<\/em> bedient. Es sind auch neue Bezeichnungen wie Targetfoam etc. entstanden, um dem Endverbraucher zu suggerieren \u201cDas ist etwas Bew\u00e4hrtes.\u201d<\/p>\n<p>Wir haben uns nicht dazu durchringen k\u00f6nnen, etwas aus der Taufe zu heben, was letztendlich schon andere getan haben. Statt dessen haben wir Zielscheiben angeboten, die aus einem Polyethylen bestehen. Dabei handelte es sich nicht um BY <strong>BEIER<\/strong> GERMANY Produkte. Auf Stramit Zielscheiben haben wir auch g\u00e4nzlich verzichtet, weil Stramit bei <em>Bogenschie\u00dfen<\/em> unserer Meinung nach nichts zu suchen hat. Wer schon mal Stramitscheiben bewegt hat, wei\u00df, wie schwer die Dinger sind. Und wer Stramit beschossen hat, wei\u00df auch, wie hart die den Pfeil abbremsen, wie schwer Pfeile zu ziehen sind und wie leicht die sch\u00f6nen und kostenintensiven Pfeile abbrechen, wenn sie auf der Scheibe einschlagen.<\/p>\n<p>Wir wollten unseren Kunden wieder <em>Zielscheiben<\/em> aus <em>Ethafoam<\/em> anbieten und haben uns deshalb auf die Suche nach einem passenden Hersteller gemacht. 2010 war es dann so weit, es kam zu einer Kooperation und wir konnten <em>Ethafoam<\/em> <em>Zielscheiben<\/em> wieder in unser Sortiment aufnehmen. Mittlerweile wird nicht nur in Deutschland auf die Scheiben \u201cMade in Germany\u201c geschossen, sondern auch \u00fcber die deutschen Grenzen hinaus: nach einer Anfrage des Argentinischen <em>Bogensport<\/em>\u2013 Verbands haben wir auch dorthin geliefert.<\/p>\n<\/div><\/section><\/div>\n<div  class='flex_column av-eznl9-17b98e2a860b6050c7f96621296a8a66 av_one_full  avia-builder-el-6  el_after_av_one_full  el_before_av_one_full  first flex_column_div  column-top-margin'     ><div  class='avia-button-wrap av-ahvil-2ca66dcd47e5437502cbfca19118c325-wrap avia-button-center  avia-builder-el-7  avia-builder-el-no-sibling '><a href='https:\/\/www.bogensport-beier.de\/pfeilfaenge\/zielscheiben-zubehoer\/ethafoamscheiben\/' class='avia-button av-ahvil-2ca66dcd47e5437502cbfca19118c325 av-link-btn avia-icon_select-yes-right-icon avia-size-large avia-position-center avia-color-theme-color' target=\"_blank\" rel=\"noopener noreferrer\" aria-label=\"zu den Ethafoam-Zielscheiben im Shop\"><span class='avia_iconbox_title' >zu den Ethafoam-Zielscheiben im Shop<\/span><span class='avia_button_icon avia_button_icon_right' aria-hidden='true' data-av_icon='\ue889' data-av_iconfont='entypo-fontello'><\/span><\/a><\/div><\/div><div  class='flex_column av-3sem5-5d32cec3bea95c48f5dcebaedf3fb320 av_one_full  avia-builder-el-8  el_after_av_one_full  el_before_av_one_full  first flex_column_div  column-top-margin'     ><style type=\"text\/css\" data-created_by=\"avia_inline_auto\" id=\"style-css-av-zjbod-8dd72c7c27287d5a29a9bb37589225f3\">\n.avia-image-container.av-zjbod-8dd72c7c27287d5a29a9bb37589225f3 img.avia_image{\nbox-shadow:none;\n}\n.avia-image-container.av-zjbod-8dd72c7c27287d5a29a9bb37589225f3 .av-image-caption-overlay-center{\ncolor:#ffffff;\n}\n<\/style>\n<div  class='avia-image-container av-zjbod-8dd72c7c27287d5a29a9bb37589225f3 av-styling- avia-align-center  avia-builder-el-9  avia-builder-el-no-sibling '   itemprop=\"image\" itemscope=\"itemscope\" itemtype=\"https:\/\/schema.org\/ImageObject\" ><div class=\"avia-image-container-inner\"><div class=\"avia-image-overlay-wrap\"><img decoding=\"async\" fetchpriority=\"high\" class='wp-image-1380 avia-img-lazy-loading-not-1380 avia_image ' src=\"https:\/\/www.bogensport-beier.de\/magazin\/wp-content\/uploads\/2023\/09\/ethafoam-zielscheibe-bogenschiessen-bogensport-beier-2.jpg\" alt='' title='ethafoam-zielscheibe-bogenschie\u00dfen-bogensport-beier-2'  height=\"504\" width=\"900\"  itemprop=\"thumbnailUrl\" srcset=\"https:\/\/www.bogensport-beier.de\/magazin\/wp-content\/uploads\/2023\/09\/ethafoam-zielscheibe-bogenschiessen-bogensport-beier-2.jpg 900w, https:\/\/www.bogensport-beier.de\/magazin\/wp-content\/uploads\/2023\/09\/ethafoam-zielscheibe-bogenschiessen-bogensport-beier-2-300x168.jpg 300w, https:\/\/www.bogensport-beier.de\/magazin\/wp-content\/uploads\/2023\/09\/ethafoam-zielscheibe-bogenschiessen-bogensport-beier-2-768x430.jpg 768w, https:\/\/www.bogensport-beier.de\/magazin\/wp-content\/uploads\/2023\/09\/ethafoam-zielscheibe-bogenschiessen-bogensport-beier-2-705x395.jpg 705w\" sizes=\"(max-width: 900px) 100vw, 900px\" \/><\/div><\/div><\/div><\/div><\/p>\n<div  class='flex_column av-qka1p-146b70f782a548433b5598e5c3551908 av_one_full  avia-builder-el-10  el_after_av_one_full  el_before_av_one_full  first flex_column_div  column-top-margin'     ><section  class='av_textblock_section av-nlthh-0b269b4cd3d12af963b0792484b8835c '   itemscope=\"itemscope\" itemtype=\"https:\/\/schema.org\/CreativeWork\" ><div class='avia_textblock'  itemprop=\"text\" ><div class=\"symple-column symple-one-half symple-column-first \">\n<p>Aber was ist denn das Besondere an <em>Zielscheiben <\/em>aus <em>Ethafoam<\/em>?<\/p>\n<p>Wenn Sie sich umh\u00f6ren, wird Ihnen kaum jemand Antwort darauf geben k\u00f6nnen. Man h\u00f6rt dann immer:<\/p>\n<p>\u201cdie L\u00f6cher schlie\u00dfen sich wieder\u201d, \u201cgutes weiches Abbremsverhalten \u201c \u201cgute Stoppwirkung, ohne dass Pfeile abbrechen\u201c \u201cdie Pfeile lassen sich gut und leicht ziehen\u201c \u201cauch im Winter bleiben die Scheiben weich\u201c etc.<\/p>\n<p>*Das Verschlie\u00dfen der L\u00f6cher ist relativ, der eingedrungene Pfeil hat nat\u00fcrlich in der Scheibe seine Spuren hinterlassen und das Loch ist unweigerlich da. Aber das Material ist so elastisch, dass es, je nach Temperatur, wieder in seine Ausgangsform zur\u00fcckgeht und somit das Loch quasi verschlie\u00dft.<\/p>\n<p>Aber warum ist das so?<\/p>\n<p>Die genannten Eigenschaften beruhen auf der speziellen Materialbeschaffenheit von <em>Ethafoam<\/em>, aber es kann noch wesentlich mehr! Ein paar Dinge haben wir bei unseren Zielscheiben f\u00fcr das <em>Bogenschie\u00dfen<\/em> anders und wir denken auch besser gemacht.<\/p>\n<p>Fakten und grunds\u00e4tzliche Eigenschaften von<em> Ethafoam Zielscheiben:<\/em><\/p>\n<p><em>Ethafoam<\/em> ist ein geschlossenzelliger unvernetzter PE- (Polyethylen) Schaum. Seine flexible und geschlossenzellige Struktur tr\u00e4gt zu einer besonders guten und hochelastischen Polstereigenschaft bei. Diese positive Eigenschaft machen wir uns beim <em>Bogenschie\u00dfen<\/em> zu Nutze: <em>Ethafoam<\/em> schont die Pfeile, egal aus welchem Material diese sind.<\/p>\n<p><strong>Welchen Vorteil bietet die unvernetzte Ethafoamstruktur gegen\u00fcber anderen <em>Zielscheiben<\/em>?<\/strong><\/p>\n<p>Ganz einfach: Vernetzter Schaum ist nicht recyclingf\u00e4hig, Scheiben aus vernetztem Schaum k\u00f6nnen nicht aufgeschmolzen werden und tragen somit\u00a0 zur Umweltverschmutzung bei.<\/p>\n<p>Ein unvernetzter Molek\u00fclkettenaufbau wie beim <em>Ethafoam<\/em> ist auch f\u00fcr das weiche \u201cEintauchen\u201d der Pfeile mitverantwortlich. Denn bei unvernetztem <em>Ethafoam<\/em>schaum liegen die Molek\u00fclketten nebeneinander, ja fast geordnet und k\u00f6nnen sich bewegen. Diese Struktur hat zur Folge, dass der Pfeil das Material verdr\u00e4ngen kann und es sich nach dem Ziehen des Pfeils wieder in die Ausgangsposition bewegen kann. Die Geschwindigkeit dieser R\u00fcckbewegung ist temperaturabh\u00e4ngig. Im Vergleich dazu k\u00f6nnen Sie sich bei den vernetzten Sch\u00e4umen ein Fischernetz vorstellen, das dehnt und bewegt sich nicht, sonst w\u00e4re es ja kein Netz und Fische k\u00f6nnte man damit auch nicht fangen. Die Bewegung ist demnach so stark eingeschr\u00e4nkt bzw. erst gar nicht m\u00f6glich, was letztendlich zur Lochbildung bei den <em>Zielscheiben<\/em> f\u00fchrt.<\/p>\n<\/div>\n<\/div><\/section><\/div>\n<div  class='flex_column av-gwl2l-16d8f7795274785171cdb3bb89e0a65b av_one_full  avia-builder-el-12  el_after_av_one_full  el_before_av_one_full  first flex_column_div  column-top-margin'     ><style type=\"text\/css\" data-created_by=\"avia_inline_auto\" id=\"style-css-av-ktk1h93s-6b443e38dc95bcf7da1ccb368167e1e2\">\n.avia-image-container.av-ktk1h93s-6b443e38dc95bcf7da1ccb368167e1e2 img.avia_image{\nbox-shadow:none;\n}\n.avia-image-container.av-ktk1h93s-6b443e38dc95bcf7da1ccb368167e1e2 .av-image-caption-overlay-center{\ncolor:#ffffff;\n}\n<\/style>\n<div  class='avia-image-container av-ktk1h93s-6b443e38dc95bcf7da1ccb368167e1e2 av-styling- avia-align-center  avia-builder-el-13  avia-builder-el-no-sibling '   itemprop=\"image\" itemscope=\"itemscope\" itemtype=\"https:\/\/schema.org\/ImageObject\" ><div class=\"avia-image-container-inner\"><div class=\"avia-image-overlay-wrap\"><img decoding=\"async\" fetchpriority=\"high\" class='wp-image-1381 avia-img-lazy-loading-not-1381 avia_image ' src=\"https:\/\/www.bogensport-beier.de\/magazin\/wp-content\/uploads\/2023\/09\/polyvinyl-zielscheiben-bogenschiessen.jpg\" alt='' title='polyvinyl-zielscheiben-bogenschie\u00dfen'  height=\"675\" width=\"900\"  itemprop=\"thumbnailUrl\" srcset=\"https:\/\/www.bogensport-beier.de\/magazin\/wp-content\/uploads\/2023\/09\/polyvinyl-zielscheiben-bogenschiessen.jpg 900w, https:\/\/www.bogensport-beier.de\/magazin\/wp-content\/uploads\/2023\/09\/polyvinyl-zielscheiben-bogenschiessen-300x225.jpg 300w, https:\/\/www.bogensport-beier.de\/magazin\/wp-content\/uploads\/2023\/09\/polyvinyl-zielscheiben-bogenschiessen-768x576.jpg 768w, https:\/\/www.bogensport-beier.de\/magazin\/wp-content\/uploads\/2023\/09\/polyvinyl-zielscheiben-bogenschiessen-705x529.jpg 705w\" sizes=\"(max-width: 900px) 100vw, 900px\" \/><\/div><\/div><\/div><\/div>\n<div  class='flex_column av-8ehs5-1cd17cfa1dc13279cd05f6ff5c9c25c9 av_one_full  avia-builder-el-14  el_after_av_one_full  el_before_av_one_full  first flex_column_div  column-top-margin'     ><section  class='av_textblock_section av-ktk1mdqo-de79d5183c99ce4277cb6075499f3b3b '   itemscope=\"itemscope\" itemtype=\"https:\/\/schema.org\/CreativeWork\" ><div class='avia_textblock'  itemprop=\"text\" ><div class=\"symple-column symple-one-half symple-column-first \">\n<div class=\"symple-column symple-one-half symple-column-first \">\n<p>Polyvinylscheiben, die oft als recyceltes Material verkauft werden. Das stimmt schon, aber diese <em>Zielscheiben<\/em> sind aus vernetzten Schaumfetzen verklebt. Durch den Beschuss fangen die Scheiben an zu zerbr\u00f6seln. Deshalb wird, um diesen Prozess zu verlangsamen, eine Matte vorn und hinten aufgeklebt. Eine clevere L\u00f6sung der Industrie \u2013 die verkaufen ihren Abfall einfach.<\/p>\n<\/div>\n<div class=\"symple-column symple-one-half symple-column-last \">\n<p><strong>Aber nun zur\u00fcck zu den Vorteilen von Ethafoam (EF) beim <em>Bogenschie\u00dfen<\/em>:<\/strong><\/p>\n<ul>\n<li>EF hat eine extrem gute Druck- und Kriechfestigkeit \u00fcber lange Zeitr\u00e4ume hinweg. Dies gew\u00e4hrleistet eine sehr gute Passgenauigkeit, was die Austauschbarkeit und den Sitz der Wechselmitten vorteilhaft beeinflusst.<\/li>\n<li>EF hat eine gleichbleibende Leistung bei gro\u00dfen Temperaturschwankungen. Egal, ob es im Winter kalt oder im Sommer warm ist, die Temperatur hat keinen Einfluss auf das Abbremsverhalten, es ist immer gut. Selbst extreme Temperaturschwankungen und hohe Luftfeuchtigkeit machen <em>Ethafoam<\/em> nichts aus. <em>Ethafoam<\/em> macht das alles mit und ist im <em>Bogensport<\/em> zu allen Jahreszeiten einsetzbar.<\/li>\n<li>EF ist resistent gegen Schimmelpilze, das kann man von anderem Zielscheibenmaterial nicht gerade sagen.<\/li>\n<li>EF ist resistent gegen Ungeziefer, die Biester m\u00f6gen das nicht.<\/li>\n<li>EF ist hat eine mittlere Best\u00e4ndigkeit gegen L\u00f6sungsmittel und Chemikalien- vor allem aber gute Resistenz bei S\u00e4uren, Basen, \u00d6len und Fetten. Ok, das spielt keine gro\u00dfe Rolle beim Bogenschie\u00dfen, aber wir wollen es niemandem vorenthalten.<\/li>\n<li>EF Zielscheiben k\u00f6nnen ohne zus\u00e4tzliche Sicherheitsvorkehrungen sicher behandelt, transportiert und gelagert werden.<\/li>\n<li>EF kann nicht geklebt werden, aber kann hervorragend verschwei\u00dft werden.<\/li>\n<li>PE-Abf\u00e4lle sind problemlos zu entsorgen, kein Sonderm\u00fcll!<\/li>\n<\/ul>\n<p><strong>Jetzt kommt noch der Hammer:<\/strong><\/p>\n<p><em>Ethafoam<\/em> hat nur eine nur 2 %ige Wasseraufnahme bei einer 24-st\u00fcndigen Unterwasserlagerung. Jetzt werden einige sagen \u201cja tauchen wir denn beim Bogenschie\u00dfen?\u201d Nein nat\u00fcrlich nicht, aber Scheiben, die auf dem Out Door Schie\u00dfplatz stehen und dauerberegnet werden \u2013 was ja in unseren Breitengraden leider ab und an der Fall ist \u2013 saugen Wasser geradezu auf wie ein Schwamm, gerade die offenzelligen Sch\u00e4ume oder Stramit. <em>Ethafoam<\/em> eben nicht. Was ist der Nachteil, wenn eine Scheibe voll Wasser gesogen ist wie ein Schwamm? Sie wird schwerer (extrem schwerer), sie ist anf\u00e4lliger gegen UV-Licht. Denn das Wasser in offenzelligen Strukturen l\u00e4sst den Schaum schneller altern und er wird br\u00fcchig. Und dann stellen Sie sich vor, wir kommen in die kalte Jahreszeit mit Regen, Schnee und K\u00e4lteeinbruch. Sie gehen zum <em>Bogenschie\u00dfen<\/em> und haben keine <em>Ethafoamscheiben<\/em>, sondern eine andere. Die Scheibe ist nun nicht mehr mit Wasser vollgesogen, nein, sie ist jetzt mit Eiskristallen durchwachsen! Stellen Sie sich ein nassen Schwamm vor, der in der Gefriertruhe war. Da k\u00f6nnte man genausogut auf Eisplatten schie\u00dfen. Was mit Ihren Pfeilen passiert, ist klar. Die <em>Ethafoam<\/em> <em>Zielscheiben<\/em> von BY\u00a0<strong>BEIER<\/strong> GERMANY werden so verarbeitet, dass auf eine Stahlblechumreifung verzichtet werden kann, was nat\u00fcrlich bei Randtreffen Ihre\/Deine Pfeile schont.<\/p>\n<p>Wir hoffen mit diesem Beitrag etwas Aufkl\u00e4rung geleistet zu haben.<\/p>\n<\/div>\n<\/div>\n<\/div><\/section><\/div>\n<div  class='flex_column av-frsph-5d607496aa68bbd912e7eb9c22c49215 av_one_full  avia-builder-el-16  el_after_av_one_full  avia-builder-el-last  first flex_column_div  column-top-margin'     ><div  class='avia-button-wrap av-8wcj1-75f541d7db7a1205d0d0a2eb534c0379-wrap avia-button-center  avia-builder-el-17  avia-builder-el-no-sibling '><a href='https:\/\/www.bogensport-beier.de\/pfeilfaenge\/zielscheiben-zubehoer\/ethafoamscheiben\/' class='avia-button av-8wcj1-75f541d7db7a1205d0d0a2eb534c0379 av-link-btn avia-icon_select-yes-right-icon avia-size-large avia-position-center avia-color-theme-color' target=\"_blank\" rel=\"noopener noreferrer\" aria-label=\"zu den Ethafoam-Zielscheiben im Shop\"><span class='avia_iconbox_title' >zu den Ethafoam-Zielscheiben im Shop<\/span><span class='avia_button_icon avia_button_icon_right' aria-hidden='true' data-av_icon='\ue889' data-av_iconfont='entypo-fontello'><\/span><\/a><\/div><\/div>\n","protected":false},"excerpt":{"rendered":"","protected":false},"author":1,"featured_media":0,"parent":0,"menu_order":0,"comment_status":"closed","ping_status":"closed","template":"","meta":{"footnotes":""},"class_list":["post-157","page","type-page","status-publish","hentry"],"yoast_head":"<!-- This site is optimized with the Yoast SEO plugin v27.1.1 - https:\/\/yoast.com\/product\/yoast-seo-wordpress\/ -->\n<title>Ethafoamzielscheiben - Magazin - Bogensport Beier<\/title>\n<meta name=\"description\" content=\"Perfekten Ethafoamzielscheiben entdeckst du bei www.bogensport-beier.de f\u00fcrs Bogenschie\u00dfen, hochwertige Qualit\u00e4t und individuelles Design.\" \/>\n<meta name=\"robots\" content=\"index, follow, max-snippet:-1, max-image-preview:large, max-video-preview:-1\" \/>\n<link rel=\"canonical\" href=\"https:\/\/www.bogensport-beier.de\/magazin\/ethafoamzielscheiben-bogenschiessen\/\" \/>\n<meta property=\"og:locale\" content=\"de_DE\" \/>\n<meta property=\"og:type\" content=\"article\" \/>\n<meta property=\"og:title\" content=\"Ethafoamzielscheiben - Magazin - Bogensport Beier\" \/>\n<meta property=\"og:description\" content=\"Perfekten Ethafoamzielscheiben entdeckst du bei www.bogensport-beier.de f\u00fcrs Bogenschie\u00dfen, hochwertige Qualit\u00e4t und individuelles Design.\" \/>\n<meta property=\"og:url\" content=\"https:\/\/www.bogensport-beier.de\/magazin\/ethafoamzielscheiben-bogenschiessen\/\" \/>\n<meta property=\"og:site_name\" content=\"Magazin - Bogensport Beier\" \/>\n<meta property=\"article:modified_time\" content=\"2024-09-03T13:56:33+00:00\" \/>\n<meta name=\"twitter:card\" content=\"summary_large_image\" \/>\n<meta name=\"twitter:label1\" content=\"Gesch\u00e4tzte Lesezeit\" \/>\n\t<meta name=\"twitter:data1\" content=\"11\u00a0Minuten\" \/>\n<script type=\"application\/ld+json\" class=\"yoast-schema-graph\">{\"@context\":\"https:\/\/schema.org\",\"@graph\":[{\"@type\":\"WebPage\",\"@id\":\"https:\/\/www.bogensport-beier.de\/magazin\/ethafoamzielscheiben-bogenschiessen\/\",\"url\":\"https:\/\/www.bogensport-beier.de\/magazin\/ethafoamzielscheiben-bogenschiessen\/\",\"name\":\"Ethafoamzielscheiben - Magazin - Bogensport Beier\",\"isPartOf\":{\"@id\":\"https:\/\/www.bogensport-beier.de\/magazin\/#website\"},\"datePublished\":\"2021-09-01T07:47:51+00:00\",\"dateModified\":\"2024-09-03T13:56:33+00:00\",\"description\":\"Perfekten Ethafoamzielscheiben entdeckst du bei www.bogensport-beier.de f\u00fcrs Bogenschie\u00dfen, hochwertige Qualit\u00e4t und individuelles Design.\",\"breadcrumb\":{\"@id\":\"https:\/\/www.bogensport-beier.de\/magazin\/ethafoamzielscheiben-bogenschiessen\/#breadcrumb\"},\"inLanguage\":\"de\",\"potentialAction\":[{\"@type\":\"ReadAction\",\"target\":[\"https:\/\/www.bogensport-beier.de\/magazin\/ethafoamzielscheiben-bogenschiessen\/\"]}]},{\"@type\":\"BreadcrumbList\",\"@id\":\"https:\/\/www.bogensport-beier.de\/magazin\/ethafoamzielscheiben-bogenschiessen\/#breadcrumb\",\"itemListElement\":[{\"@type\":\"ListItem\",\"position\":1,\"name\":\"Startseite\",\"item\":\"https:\/\/www.bogensport-beier.de\/magazin\/\"},{\"@type\":\"ListItem\",\"position\":2,\"name\":\"Ethafoamzielscheiben\"}]},{\"@type\":\"WebSite\",\"@id\":\"https:\/\/www.bogensport-beier.de\/magazin\/#website\",\"url\":\"https:\/\/www.bogensport-beier.de\/magazin\/\",\"name\":\"Magazin - Bogensport Beier\",\"description\":\"Alles rund um den Bogensport\",\"potentialAction\":[{\"@type\":\"SearchAction\",\"target\":{\"@type\":\"EntryPoint\",\"urlTemplate\":\"https:\/\/www.bogensport-beier.de\/magazin\/?s={search_term_string}\"},\"query-input\":{\"@type\":\"PropertyValueSpecification\",\"valueRequired\":true,\"valueName\":\"search_term_string\"}}],\"inLanguage\":\"de\"}]}<\/script>\n<!-- \/ Yoast SEO plugin. -->","yoast_head_json":{"title":"Ethafoamzielscheiben - Magazin - Bogensport Beier","description":"Perfekten Ethafoamzielscheiben entdeckst du bei www.bogensport-beier.de f\u00fcrs Bogenschie\u00dfen, hochwertige Qualit\u00e4t und individuelles Design.","robots":{"index":"index","follow":"follow","max-snippet":"max-snippet:-1","max-image-preview":"max-image-preview:large","max-video-preview":"max-video-preview:-1"},"canonical":"https:\/\/www.bogensport-beier.de\/magazin\/ethafoamzielscheiben-bogenschiessen\/","og_locale":"de_DE","og_type":"article","og_title":"Ethafoamzielscheiben - Magazin - Bogensport Beier","og_description":"Perfekten Ethafoamzielscheiben entdeckst du bei www.bogensport-beier.de f\u00fcrs Bogenschie\u00dfen, hochwertige Qualit\u00e4t und individuelles Design.","og_url":"https:\/\/www.bogensport-beier.de\/magazin\/ethafoamzielscheiben-bogenschiessen\/","og_site_name":"Magazin - Bogensport Beier","article_modified_time":"2024-09-03T13:56:33+00:00","twitter_card":"summary_large_image","twitter_misc":{"Gesch\u00e4tzte Lesezeit":"11\u00a0Minuten"},"schema":{"@context":"https:\/\/schema.org","@graph":[{"@type":"WebPage","@id":"https:\/\/www.bogensport-beier.de\/magazin\/ethafoamzielscheiben-bogenschiessen\/","url":"https:\/\/www.bogensport-beier.de\/magazin\/ethafoamzielscheiben-bogenschiessen\/","name":"Ethafoamzielscheiben - Magazin - Bogensport Beier","isPartOf":{"@id":"https:\/\/www.bogensport-beier.de\/magazin\/#website"},"datePublished":"2021-09-01T07:47:51+00:00","dateModified":"2024-09-03T13:56:33+00:00","description":"Perfekten Ethafoamzielscheiben entdeckst du bei www.bogensport-beier.de f\u00fcrs Bogenschie\u00dfen, hochwertige Qualit\u00e4t und individuelles Design.","breadcrumb":{"@id":"https:\/\/www.bogensport-beier.de\/magazin\/ethafoamzielscheiben-bogenschiessen\/#breadcrumb"},"inLanguage":"de","potentialAction":[{"@type":"ReadAction","target":["https:\/\/www.bogensport-beier.de\/magazin\/ethafoamzielscheiben-bogenschiessen\/"]}]},{"@type":"BreadcrumbList","@id":"https:\/\/www.bogensport-beier.de\/magazin\/ethafoamzielscheiben-bogenschiessen\/#breadcrumb","itemListElement":[{"@type":"ListItem","position":1,"name":"Startseite","item":"https:\/\/www.bogensport-beier.de\/magazin\/"},{"@type":"ListItem","position":2,"name":"Ethafoamzielscheiben"}]},{"@type":"WebSite","@id":"https:\/\/www.bogensport-beier.de\/magazin\/#website","url":"https:\/\/www.bogensport-beier.de\/magazin\/","name":"Magazin - Bogensport Beier","description":"Alles rund um den Bogensport","potentialAction":[{"@type":"SearchAction","target":{"@type":"EntryPoint","urlTemplate":"https:\/\/www.bogensport-beier.de\/magazin\/?s={search_term_string}"},"query-input":{"@type":"PropertyValueSpecification","valueRequired":true,"valueName":"search_term_string"}}],"inLanguage":"de"}]}},"_links":{"self":[{"href":"https:\/\/www.bogensport-beier.de\/magazin\/wp-json\/wp\/v2\/pages\/157","targetHints":{"allow":["GET"]}}],"collection":[{"href":"https:\/\/www.bogensport-beier.de\/magazin\/wp-json\/wp\/v2\/pages"}],"about":[{"href":"https:\/\/www.bogensport-beier.de\/magazin\/wp-json\/wp\/v2\/types\/page"}],"author":[{"embeddable":true,"href":"https:\/\/www.bogensport-beier.de\/magazin\/wp-json\/wp\/v2\/users\/1"}],"replies":[{"embeddable":true,"href":"https:\/\/www.bogensport-beier.de\/magazin\/wp-json\/wp\/v2\/comments?post=157"}],"version-history":[{"count":17,"href":"https:\/\/www.bogensport-beier.de\/magazin\/wp-json\/wp\/v2\/pages\/157\/revisions"}],"predecessor-version":[{"id":1550,"href":"https:\/\/www.bogensport-beier.de\/magazin\/wp-json\/wp\/v2\/pages\/157\/revisions\/1550"}],"wp:attachment":[{"href":"https:\/\/www.bogensport-beier.de\/magazin\/wp-json\/wp\/v2\/media?parent=157"}],"curies":[{"name":"wp","href":"https:\/\/api.w.org\/{rel}","templated":true}]}}