{"id":1553,"date":"2024-09-04T14:46:59","date_gmt":"2024-09-04T12:46:59","guid":{"rendered":"https:\/\/www.bogensport-beier.de\/magazin\/?page_id=1553"},"modified":"2025-01-22T13:49:11","modified_gmt":"2025-01-22T12:49:11","slug":"zuggewicht-messung","status":"publish","type":"page","link":"https:\/\/www.bogensport-beier.de\/magazin\/zuggewicht-messung\/","title":{"rendered":"Zuggewicht Messung"},"content":{"rendered":"\n<style type=\"text\/css\" data-created_by=\"avia_inline_auto\" id=\"style-css-av-lnu3q8ij-4d026cf521502a8e456bede6433aaf33\">\n#top .av-special-heading.av-lnu3q8ij-4d026cf521502a8e456bede6433aaf33{\npadding-bottom:10px;\n}\nbody .av-special-heading.av-lnu3q8ij-4d026cf521502a8e456bede6433aaf33 .av-special-heading-tag .heading-char{\nfont-size:25px;\n}\n.av-special-heading.av-lnu3q8ij-4d026cf521502a8e456bede6433aaf33 .av-subheading{\nfont-size:15px;\n}\n<\/style>\n<div  class='av-special-heading av-lnu3q8ij-4d026cf521502a8e456bede6433aaf33 av-special-heading-h1 blockquote modern-quote  avia-builder-el-0  el_before_av_textblock  avia-builder-el-first '><h1 class='av-special-heading-tag '  itemprop=\"headline\"  >Zuggewichte und deren potentielle Abweichung und Messung<\/h1><div class=\"special-heading-border\"><div class=\"special-heading-inner-border\"><\/div><\/div><\/div>\n<section  class='av_textblock_section av-lnu3qrc1-3622be25c119748a4628ef836f62ff4a '   itemscope=\"itemscope\" itemtype=\"https:\/\/schema.org\/CreativeWork\" ><div class='avia_textblock'  itemprop=\"text\" ><p><strong>Warum f\u00fchlen sich B\u00f6gen manchmal unterschiedlich an?<\/strong><\/p>\n<p>Vielleicht haben Sie schon bemerkt, dass sich B\u00f6gen mit vermeintlich gleichem <strong>Zuggewicht<\/strong> unterschiedlich ziehen lassen. Der Grund liegt in den <em>Zuggewichtswaagen<\/em>, die im Bogensport bei H\u00e4ndlern und Bogenbauern verwendet werden. Leider sind diese Waagen oft nicht sehr pr\u00e4zise. Unsere eigenen <em>Messungen<\/em> haben Abweichungen von bis zu \u00b120 % ergeben \u2013 und das ist kein Schreibfehler!<\/p>\n<p><strong>Unser Anspruch: Pr\u00e4zision f\u00fcr Ihre Zufriedenheit<\/strong><br \/>\nWir m\u00f6chten sicherstellen, dass Sie genau das Produkt erhalten, das Sie bestellt haben. Daf\u00fcr nutzen wir hochwertige <em>Messmittel<\/em>, die deutlich pr\u00e4ziser sind als Standardger\u00e4te. Konkret arbeiten wir mit:<\/p>\n<ol>\n<li><strong>Einer Zuggewichtswaage aus Schweizer Fertigung<\/strong>, die vom Eichamt gepr\u00fcft wurde.<\/li>\n<li><strong>Einem elektronischen Messger\u00e4t<\/strong>, dessen Komponenten (W\u00e4gebalken und Potentiometer) auf Werkzeugmaschinen f\u00fcr die Luftfahrt \u00fcberpr\u00fcft wurden.<\/li>\n<\/ol>\n<p>Beide Ger\u00e4te haben wir miteinander verglichen und festgestellt, dass sie identische Ergebnisse liefern.<\/p>\n<p><strong>Subjektives Empfinden vs. Messgenauigkeit<\/strong><br \/>\nEs kann dennoch vorkommen, dass ein Bogen im Vergleich mit einem anderen Modell subjektiv als \u201eleichter\u201c oder \u201eschwerer\u201c empfunden wird. Das liegt nicht an einer Ungenauigkeit, sondern an der <strong>Kennlinie des Bogens<\/strong>, die bei jedem Modell leicht unterschiedlich ist.<\/p>\n<p>Au\u00dferdem fertigen Bogenbauer \u2013 wie auch wir \u2013 mit einer Toleranz von \u00b12 lbs. Das bedeutet: Ein Bogen, der mit 30 lbs angegeben ist, kann tats\u00e4chlich zwischen 28 und 32 lbs liegen. Diese Abweichung ist v\u00f6llig normal und kein Fehler. Aus diesem Grund k\u00f6nnen diese Abweichungen auch nicht reklamiert werden. Wenn Sie einen Bogen mit einem exakt definierten <em>Zuggewicht<\/em> w\u00fcnschen, bieten wir Ihnen gerne Customb\u00f6gen an, die speziell nach Ihren Anforderungen gefertigt werden.<\/p>\n<p><strong>Unsere Zusammenarbeit mit Experten<\/strong><br \/>\nF\u00fcr uns steht die Qualit\u00e4t unserer Produkte an erster Stelle. Wenn wir auf ein Problem sto\u00dfen, das wir nicht allein l\u00f6sen k\u00f6nnen, holen wir uns Unterst\u00fctzung \u2013 zum Beispiel von der Coburger Hochschule. Diese Zusammenarbeit ist in unserer Branche ungew\u00f6hnlich, aber wir sind \u00fcberzeugt: F\u00fcr erstklassige B\u00f6gen lohnt sich dieser Aufwand.<\/p>\n<p><strong>Ihr Vertrauen ist unser Ziel<\/strong><br \/>\nWir m\u00f6chten, dass Sie zufrieden sind und mit unseren B\u00f6gen Ihre Freude haben. Falls Sie Fragen oder besondere W\u00fcnsche haben, sprechen Sie uns gerne an!<\/p>\n<\/div><\/section>\n\n","protected":false},"excerpt":{"rendered":"","protected":false},"author":1,"featured_media":0,"parent":0,"menu_order":0,"comment_status":"closed","ping_status":"closed","template":"","meta":{"footnotes":""},"class_list":["post-1553","page","type-page","status-publish","hentry"],"yoast_head":"<!-- This site is optimized with the Yoast SEO plugin v27.1.1 - https:\/\/yoast.com\/product\/yoast-seo-wordpress\/ -->\n<title>Bogenschie\u00dfen - Standh\u00f6he ermitteln - Magazin - Bogensport Beier<\/title>\n<meta name=\"description\" content=\"Die Standh\u00f6he beim Bogenschie\u00dfen einstellen - wie macht man das? Hier erf\u00e4hrst du wie einfach das im Grunde ist.\" \/>\n<meta name=\"robots\" content=\"index, follow, max-snippet:-1, max-image-preview:large, max-video-preview:-1\" \/>\n<link rel=\"canonical\" href=\"https:\/\/www.bogensport-beier.de\/magazin\/zuggewicht-messung\/\" \/>\n<meta property=\"og:locale\" content=\"de_DE\" \/>\n<meta property=\"og:type\" content=\"article\" \/>\n<meta property=\"og:title\" content=\"Bogenschie\u00dfen - Standh\u00f6he ermitteln - Magazin - Bogensport Beier\" \/>\n<meta property=\"og:description\" content=\"Die Standh\u00f6he beim Bogenschie\u00dfen einstellen - wie macht man das? Hier erf\u00e4hrst du wie einfach das im Grunde ist.\" \/>\n<meta property=\"og:url\" content=\"https:\/\/www.bogensport-beier.de\/magazin\/zuggewicht-messung\/\" \/>\n<meta property=\"og:site_name\" content=\"Magazin - Bogensport Beier\" \/>\n<meta property=\"article:modified_time\" content=\"2025-01-22T12:49:11+00:00\" \/>\n<meta name=\"twitter:card\" content=\"summary_large_image\" \/>\n<meta name=\"twitter:label1\" content=\"Gesch\u00e4tzte Lesezeit\" \/>\n\t<meta name=\"twitter:data1\" content=\"2\u00a0Minuten\" \/>\n<script type=\"application\/ld+json\" class=\"yoast-schema-graph\">{\"@context\":\"https:\/\/schema.org\",\"@graph\":[{\"@type\":\"WebPage\",\"@id\":\"https:\/\/www.bogensport-beier.de\/magazin\/zuggewicht-messung\/\",\"url\":\"https:\/\/www.bogensport-beier.de\/magazin\/zuggewicht-messung\/\",\"name\":\"Bogenschie\u00dfen - Standh\u00f6he ermitteln - Magazin - Bogensport Beier\",\"isPartOf\":{\"@id\":\"https:\/\/www.bogensport-beier.de\/magazin\/#website\"},\"datePublished\":\"2024-09-04T12:46:59+00:00\",\"dateModified\":\"2025-01-22T12:49:11+00:00\",\"description\":\"Die Standh\u00f6he beim Bogenschie\u00dfen einstellen - wie macht man das? Hier erf\u00e4hrst du wie einfach das im Grunde ist.\",\"breadcrumb\":{\"@id\":\"https:\/\/www.bogensport-beier.de\/magazin\/zuggewicht-messung\/#breadcrumb\"},\"inLanguage\":\"de\",\"potentialAction\":[{\"@type\":\"ReadAction\",\"target\":[\"https:\/\/www.bogensport-beier.de\/magazin\/zuggewicht-messung\/\"]}]},{\"@type\":\"BreadcrumbList\",\"@id\":\"https:\/\/www.bogensport-beier.de\/magazin\/zuggewicht-messung\/#breadcrumb\",\"itemListElement\":[{\"@type\":\"ListItem\",\"position\":1,\"name\":\"Startseite\",\"item\":\"https:\/\/www.bogensport-beier.de\/magazin\/\"},{\"@type\":\"ListItem\",\"position\":2,\"name\":\"Zuggewicht Messung\"}]},{\"@type\":\"WebSite\",\"@id\":\"https:\/\/www.bogensport-beier.de\/magazin\/#website\",\"url\":\"https:\/\/www.bogensport-beier.de\/magazin\/\",\"name\":\"Magazin - Bogensport Beier\",\"description\":\"Alles rund um den Bogensport\",\"potentialAction\":[{\"@type\":\"SearchAction\",\"target\":{\"@type\":\"EntryPoint\",\"urlTemplate\":\"https:\/\/www.bogensport-beier.de\/magazin\/?s={search_term_string}\"},\"query-input\":{\"@type\":\"PropertyValueSpecification\",\"valueRequired\":true,\"valueName\":\"search_term_string\"}}],\"inLanguage\":\"de\"}]}<\/script>\n<!-- \/ Yoast SEO plugin. -->","yoast_head_json":{"title":"Bogenschie\u00dfen - Standh\u00f6he ermitteln - Magazin - Bogensport Beier","description":"Die Standh\u00f6he beim Bogenschie\u00dfen einstellen - wie macht man das? Hier erf\u00e4hrst du wie einfach das im Grunde ist.","robots":{"index":"index","follow":"follow","max-snippet":"max-snippet:-1","max-image-preview":"max-image-preview:large","max-video-preview":"max-video-preview:-1"},"canonical":"https:\/\/www.bogensport-beier.de\/magazin\/zuggewicht-messung\/","og_locale":"de_DE","og_type":"article","og_title":"Bogenschie\u00dfen - Standh\u00f6he ermitteln - Magazin - Bogensport Beier","og_description":"Die Standh\u00f6he beim Bogenschie\u00dfen einstellen - wie macht man das? Hier erf\u00e4hrst du wie einfach das im Grunde ist.","og_url":"https:\/\/www.bogensport-beier.de\/magazin\/zuggewicht-messung\/","og_site_name":"Magazin - Bogensport Beier","article_modified_time":"2025-01-22T12:49:11+00:00","twitter_card":"summary_large_image","twitter_misc":{"Gesch\u00e4tzte Lesezeit":"2\u00a0Minuten"},"schema":{"@context":"https:\/\/schema.org","@graph":[{"@type":"WebPage","@id":"https:\/\/www.bogensport-beier.de\/magazin\/zuggewicht-messung\/","url":"https:\/\/www.bogensport-beier.de\/magazin\/zuggewicht-messung\/","name":"Bogenschie\u00dfen - Standh\u00f6he ermitteln - Magazin - Bogensport Beier","isPartOf":{"@id":"https:\/\/www.bogensport-beier.de\/magazin\/#website"},"datePublished":"2024-09-04T12:46:59+00:00","dateModified":"2025-01-22T12:49:11+00:00","description":"Die Standh\u00f6he beim Bogenschie\u00dfen einstellen - wie macht man das? Hier erf\u00e4hrst du wie einfach das im Grunde ist.","breadcrumb":{"@id":"https:\/\/www.bogensport-beier.de\/magazin\/zuggewicht-messung\/#breadcrumb"},"inLanguage":"de","potentialAction":[{"@type":"ReadAction","target":["https:\/\/www.bogensport-beier.de\/magazin\/zuggewicht-messung\/"]}]},{"@type":"BreadcrumbList","@id":"https:\/\/www.bogensport-beier.de\/magazin\/zuggewicht-messung\/#breadcrumb","itemListElement":[{"@type":"ListItem","position":1,"name":"Startseite","item":"https:\/\/www.bogensport-beier.de\/magazin\/"},{"@type":"ListItem","position":2,"name":"Zuggewicht Messung"}]},{"@type":"WebSite","@id":"https:\/\/www.bogensport-beier.de\/magazin\/#website","url":"https:\/\/www.bogensport-beier.de\/magazin\/","name":"Magazin - Bogensport Beier","description":"Alles rund um den Bogensport","potentialAction":[{"@type":"SearchAction","target":{"@type":"EntryPoint","urlTemplate":"https:\/\/www.bogensport-beier.de\/magazin\/?s={search_term_string}"},"query-input":{"@type":"PropertyValueSpecification","valueRequired":true,"valueName":"search_term_string"}}],"inLanguage":"de"}]}},"_links":{"self":[{"href":"https:\/\/www.bogensport-beier.de\/magazin\/wp-json\/wp\/v2\/pages\/1553","targetHints":{"allow":["GET"]}}],"collection":[{"href":"https:\/\/www.bogensport-beier.de\/magazin\/wp-json\/wp\/v2\/pages"}],"about":[{"href":"https:\/\/www.bogensport-beier.de\/magazin\/wp-json\/wp\/v2\/types\/page"}],"author":[{"embeddable":true,"href":"https:\/\/www.bogensport-beier.de\/magazin\/wp-json\/wp\/v2\/users\/1"}],"replies":[{"embeddable":true,"href":"https:\/\/www.bogensport-beier.de\/magazin\/wp-json\/wp\/v2\/comments?post=1553"}],"version-history":[{"count":10,"href":"https:\/\/www.bogensport-beier.de\/magazin\/wp-json\/wp\/v2\/pages\/1553\/revisions"}],"predecessor-version":[{"id":1601,"href":"https:\/\/www.bogensport-beier.de\/magazin\/wp-json\/wp\/v2\/pages\/1553\/revisions\/1601"}],"wp:attachment":[{"href":"https:\/\/www.bogensport-beier.de\/magazin\/wp-json\/wp\/v2\/media?parent=1553"}],"curies":[{"name":"wp","href":"https:\/\/api.w.org\/{rel}","templated":true}]}}