{"id":1427,"date":"2023-11-13T13:00:56","date_gmt":"2023-11-13T12:00:56","guid":{"rendered":"https:\/\/www.bogensport-beier.de\/magazin\/?page_id=1427"},"modified":"2023-11-13T13:28:22","modified_gmt":"2023-11-13T12:28:22","slug":"armbrust-faq","status":"publish","type":"page","link":"https:\/\/www.bogensport-beier.de\/magazin\/armbrust-faq\/","title":{"rendered":"Armbrust FAQ"},"content":{"rendered":"\n<style type=\"text\/css\" data-created_by=\"avia_inline_auto\" id=\"style-css-av-lowv98un-86279793484e578e0746e917348145fb\">\n#top .av-special-heading.av-lowv98un-86279793484e578e0746e917348145fb{\npadding-bottom:10px;\n}\nbody .av-special-heading.av-lowv98un-86279793484e578e0746e917348145fb .av-special-heading-tag .heading-char{\nfont-size:25px;\n}\n.av-special-heading.av-lowv98un-86279793484e578e0746e917348145fb .av-subheading{\nfont-size:15px;\n}\n<\/style>\n<div  class='av-special-heading av-lowv98un-86279793484e578e0746e917348145fb av-special-heading-h1 blockquote modern-quote  avia-builder-el-0  el_before_av_sidebar  avia-builder-el-first '><h1 class='av-special-heading-tag '  itemprop=\"headline\"  >FAQ<\/h1><div class='av-subheading av-subheading_below'><p>Die am h\u00e4ufigsten beantworteten Fragen zu Armbr\u00fcsten<\/p>\n<\/div><div class=\"special-heading-border\"><div class=\"special-heading-inner-border\"><\/div><\/div><\/div>\n<div  class='avia-builder-widget-area clearfix  avia-builder-el-1  el_after_av_heading  el_before_av_textblock '><div id=\"avia_auto_toc-2\" class=\"widget clearfix avia-widget-container avia_auto_toc avia_no_block_preview\"><div class=\"avia-preview-headline\">Enfold Child Table of Contents<\/div><div class=\"avia-preview-info\">Titel: Inhaltsverzeichnis<\/div><div class=\"avia-preview-in-front\">Table can only be rendered in frontend.<\/div><\/div><\/div>\n<section  class='av_textblock_section av-lowv64bm-d60a1314a08b40ff7dca835a4685e4fb '   itemscope=\"itemscope\" itemtype=\"https:\/\/schema.org\/CreativeWork\" ><div class='avia_textblock'  itemprop=\"text\" ><h2><strong>Das Gewicht einer Armbrust?<\/strong><\/h2>\n<p>Das Gewicht einer <a href=\"https:\/\/www.bogensport-beier.de\/magazin\/armbrueste\/\"><strong>Armbrust<\/strong> <\/a>variiert \u00fcblicherweise zwischen 3 und 7 Kilogramm. <em>Armbr\u00fcste <\/em>mit Carbonrisern sind in der Regel weniger kopflastig als Modelle mit metallischem Riser. Besonders zu erw\u00e4hnen sind Reverse Draw Systeme, die dank ihrer Bauweise einen deutlich zum Sch\u00fctzen verlagerten Schwerpunkt aufweisen und damit von allen Systemen am wenigsten kopflastig sind.<\/p>\n<h2><strong>Das Zielfernrohr?<\/strong><\/h2>\n<p>F\u00fcr <em>Armbr\u00fcste<\/em> ist die Verwendung eines Zielfernrohrs mit Mehrfachabsehen empfehlenswert. Diese Modelle erm\u00f6glichen in der Regel Distanzen von 20 bis 60 Metern. Das Absehen kann durch Einstellen der Vertikalen nach oben oder unten verschoben werden, um in einem bestimmten Rahmen geringere oder gr\u00f6\u00dfere Distanzen zu erm\u00f6glichen. F\u00fcr leistungsstarke <em>Armbr\u00fcste<\/em> bieten wir Zielfernrohre mit Weitschussabsehen an, die Distanzen von \u00fcber 100 Metern m\u00fchelos abdecken, ohne dass eine Verstellung des Zielfernrohrs erforderlich ist.<\/p>\n<h2><strong>Der Abzug?<\/strong><\/h2>\n<p>Es gibt zwei Arten von Abzugseinheiten: solche mit nach unten \u00f6ffnenden Schlossklappen, die bei den meisten Herstellern verbaut werden, und solche mit nach oben \u00f6ffnenden Schlossklappen, wie sie beispielsweise bei <em>Armbr\u00fcsten<\/em> von Excalibur zu finden sind. Der Vorteil von nach oben \u00f6ffnenden Schlossklappen liegt in ihrer Bauweise, die ein geringeres Abzugsgewicht erm\u00f6glicht.<\/p>\n<h2><strong>Die Grundausstattung?<\/strong><\/h2>\n<p>Zur <a href=\"https:\/\/www.bogensport-beier.de\/magazin\/armbrust-zubehoer\/\">Grundausstattung<\/a> f\u00fcr das Schie\u00dfen mit einer <em>Armbrust<\/em> geh\u00f6ren neben der Armbrust selbst passende Bolzen und eine Zielvorrichtung. Als weiteres Zubeh\u00f6r empfehlen wir folgende Produkte:<\/p>\n<ul>\n<li>Spannhilfe<\/li>\n<li>Schmiermittel f\u00fcr den Lauf (Lubricant oder Rail Lube)<\/li>\n<li>Pflegemittel f\u00fcr die Sehne (Sehnenwachs)<\/li>\n<li>Pfeilziehhilfe \/ Bolzenzieher<\/li>\n<li>Transporttasche<\/li>\n<\/ul>\n<h2><strong>Die Leistung einer <em>Armbrust<\/em><\/strong><\/h2>\n<p>Entscheidend f\u00fcr die Leistung einer <em>Armbrust<\/em> ist die \u00fcbertragene Energie beim Abschuss auf den Bolzen. Eine hohe kinetische Energie f\u00fchrt zu einer h\u00f6heren Pfeilgeschwindigkeit. Wichtig f\u00fcr hohe Pfeilgeschwindigkeiten sind ein langer Power Stroke und die optimale Synergie aus Cams, Kabel und Sehnen mit maximaler Effizienz. Das Zuggewicht spielt an dieser Stelle eine weniger bedeutende Rolle.<\/p>\n<h2><strong>Leerschussicherung<\/strong><\/h2>\n<p>Heutzutage sind die meisten <em>Armbr\u00fcste<\/em> mit einer Leerschussicherung ausgestattet. Dennoch empfehlen wir vor dem Kauf, dies in der Beschreibung der jeweiligen <em>Armbrust<\/em> zu \u00fcberpr\u00fcfen. Diese Sicherung verhindert, dass die <em>Armbrust<\/em> ohne eingelegten Bolzen ausgel\u00f6st wird.<\/p>\n<h2><strong>Passende Bolzen<\/strong><\/h2>\n<p>Grunds\u00e4tzlich k\u00f6nnen alle Arten von <a href=\"https:\/\/www.bogensport-beier.de\/magazin\/armbrust-bolzen\/\">Bolzen<\/a> mit jeder <em>Armbrust<\/em> verschossen werden, es sei denn, es gelten herstellerseitige Maximalzuggewichte. In der Beschreibung finden Sie entsprechende Hinweise. F\u00fcr eine optimale Performance sollte der Bolzen in der vom Hersteller empfohlenen L\u00e4nge gew\u00e4hlt werden, und die Spitzen sollten nicht leichter als 125 Grain sein.<\/p>\n<h2><strong>Ist meine Armbrust schussbereit<\/strong><\/h2>\n<p>Armbr\u00fcste werden in der Regel mit demontierter Bogeneinheit und nur beigelegtem Zubeh\u00f6r geliefert. Die Montage kann mit dem beiliegenden Werkzeug erfolgen. Alternativ bieten wir in unseren Serviceleistungen einen Montageservice an, bei dem alle im Package enthaltenen oder zus\u00e4tzlich bestellten Produkte von uns montiert werden. Die Armbrust ist nach dem Auspacken einsatzbereit, und der Montageservice ist im Einschie\u00dfservice enthalten.<\/p>\n<h2><strong>Pflege von Kabel und Sehne<\/strong><\/h2>\n<p>Die Mittelwicklung der Sehne liegt straff auf dem Lauf der Armbrust. Um unn\u00f6tigen Verschlei\u00df der Sehne zu verhindern und die Reibung zwischen Sehne und Lauf zu minimieren, empfehlen wir, den Lauf mit Lubricant zu schmieren. Die freiliegenden Sehnenstr\u00e4nge k\u00f6nnen mit Sehnenwachs eingerieben werden, um ein Austrocknen und Versteifen der einzelnen Str\u00e4nge zu verhindern.<\/p>\n<h2><strong>Sehne\/Kabel<\/strong><\/h2>\n<p>Die Sehne oder die Kabel m\u00fcssen immer passend zum jeweiligen Modell gew\u00e4hlt werden, da sonst die sichere Funktion der Armbrust beeintr\u00e4chtigt wird. Die richtige L\u00e4nge ist entscheidend.<\/p>\n<h2><strong>Wie entspanne ich eine Armbrust richtig?<\/strong><\/h2>\n<p>F\u00fcr eine sichere Entspannung der Armbrust gibt es verschiedene Methoden. Die traditionellste und schnellste Methode ist das Spannen mit der Hand, bei dem der Fu\u00df in den Fu\u00dfb\u00fcgel getreten wird und die H\u00e4nde die Sehne umfassen. Diese Methode erfordert keine zus\u00e4tzlichen Hilfsmittel, kann jedoch bei Armbr\u00fcsten mit hohem Zuggewicht anstrengend sein. Daher empfehlen wir die Verwendung einer Seilspannhilfe, die den Kraftaufwand um 50% reduziert und zus\u00e4tzlich f\u00fcr mehr Pr\u00e4zision beim Abschuss sorgt. Eine alternative M\u00f6glichkeit bietet ein Kurbelspanner, der in einigen Modellen bereits integriert ist oder nachger\u00fcstet werden kann. Der Kurbelspanner ist eine handbetriebene Seilwinde, die es erm\u00f6glicht, die Armbrust fast ohne Anstrengung zu spannen. Beachten Sie jedoch, dass nicht jedes Armbrustmodell mit einem Kurbelspanner ausgestattet werden kann.<\/p>\n<\/div><\/section>\n","protected":false},"excerpt":{"rendered":"","protected":false},"author":1,"featured_media":0,"parent":0,"menu_order":0,"comment_status":"closed","ping_status":"closed","template":"","meta":{"footnotes":""},"class_list":["post-1427","page","type-page","status-publish","hentry"],"yoast_head":"<!-- This site is optimized with the Yoast SEO plugin v27.1.1 - https:\/\/yoast.com\/product\/yoast-seo-wordpress\/ -->\n<title>Armbrust FAQ - Magazin - Bogensport Beier<\/title>\n<meta name=\"description\" content=\"Hier beantworten wir die am h\u00e4ufigsten beantworteten Fragen zu Armbrusten - Armbrust FAQ - Wissensdatenbank rund um das Thema Armbrust.\" \/>\n<meta name=\"robots\" content=\"index, follow, max-snippet:-1, max-image-preview:large, max-video-preview:-1\" \/>\n<link rel=\"canonical\" href=\"https:\/\/www.bogensport-beier.de\/magazin\/armbrust-faq\/\" \/>\n<meta property=\"og:locale\" content=\"de_DE\" \/>\n<meta property=\"og:type\" content=\"article\" \/>\n<meta property=\"og:title\" content=\"Armbrust FAQ - Magazin - Bogensport Beier\" \/>\n<meta property=\"og:description\" content=\"Hier beantworten wir die am h\u00e4ufigsten beantworteten Fragen zu Armbrusten - Armbrust FAQ - Wissensdatenbank rund um das Thema Armbrust.\" \/>\n<meta property=\"og:url\" content=\"https:\/\/www.bogensport-beier.de\/magazin\/armbrust-faq\/\" \/>\n<meta property=\"og:site_name\" content=\"Magazin - Bogensport Beier\" \/>\n<meta property=\"article:modified_time\" content=\"2023-11-13T12:28:22+00:00\" \/>\n<meta name=\"twitter:card\" content=\"summary_large_image\" \/>\n<meta name=\"twitter:label1\" content=\"Gesch\u00e4tzte Lesezeit\" \/>\n\t<meta name=\"twitter:data1\" content=\"4\u00a0Minuten\" \/>\n<script type=\"application\/ld+json\" class=\"yoast-schema-graph\">{\"@context\":\"https:\/\/schema.org\",\"@graph\":[{\"@type\":\"WebPage\",\"@id\":\"https:\/\/www.bogensport-beier.de\/magazin\/armbrust-faq\/\",\"url\":\"https:\/\/www.bogensport-beier.de\/magazin\/armbrust-faq\/\",\"name\":\"Armbrust FAQ - Magazin - Bogensport Beier\",\"isPartOf\":{\"@id\":\"https:\/\/www.bogensport-beier.de\/magazin\/#website\"},\"datePublished\":\"2023-11-13T12:00:56+00:00\",\"dateModified\":\"2023-11-13T12:28:22+00:00\",\"description\":\"Hier beantworten wir die am h\u00e4ufigsten beantworteten Fragen zu Armbrusten - Armbrust FAQ - Wissensdatenbank rund um das Thema Armbrust.\",\"breadcrumb\":{\"@id\":\"https:\/\/www.bogensport-beier.de\/magazin\/armbrust-faq\/#breadcrumb\"},\"inLanguage\":\"de\",\"potentialAction\":[{\"@type\":\"ReadAction\",\"target\":[\"https:\/\/www.bogensport-beier.de\/magazin\/armbrust-faq\/\"]}]},{\"@type\":\"BreadcrumbList\",\"@id\":\"https:\/\/www.bogensport-beier.de\/magazin\/armbrust-faq\/#breadcrumb\",\"itemListElement\":[{\"@type\":\"ListItem\",\"position\":1,\"name\":\"Startseite\",\"item\":\"https:\/\/www.bogensport-beier.de\/magazin\/\"},{\"@type\":\"ListItem\",\"position\":2,\"name\":\"Armbrust FAQ\"}]},{\"@type\":\"WebSite\",\"@id\":\"https:\/\/www.bogensport-beier.de\/magazin\/#website\",\"url\":\"https:\/\/www.bogensport-beier.de\/magazin\/\",\"name\":\"Magazin - Bogensport Beier\",\"description\":\"Alles rund um den Bogensport\",\"potentialAction\":[{\"@type\":\"SearchAction\",\"target\":{\"@type\":\"EntryPoint\",\"urlTemplate\":\"https:\/\/www.bogensport-beier.de\/magazin\/?s={search_term_string}\"},\"query-input\":{\"@type\":\"PropertyValueSpecification\",\"valueRequired\":true,\"valueName\":\"search_term_string\"}}],\"inLanguage\":\"de\"}]}<\/script>\n<!-- \/ Yoast SEO plugin. -->","yoast_head_json":{"title":"Armbrust FAQ - Magazin - Bogensport Beier","description":"Hier beantworten wir die am h\u00e4ufigsten beantworteten Fragen zu Armbrusten - Armbrust FAQ - Wissensdatenbank rund um das Thema Armbrust.","robots":{"index":"index","follow":"follow","max-snippet":"max-snippet:-1","max-image-preview":"max-image-preview:large","max-video-preview":"max-video-preview:-1"},"canonical":"https:\/\/www.bogensport-beier.de\/magazin\/armbrust-faq\/","og_locale":"de_DE","og_type":"article","og_title":"Armbrust FAQ - Magazin - Bogensport Beier","og_description":"Hier beantworten wir die am h\u00e4ufigsten beantworteten Fragen zu Armbrusten - Armbrust FAQ - Wissensdatenbank rund um das Thema Armbrust.","og_url":"https:\/\/www.bogensport-beier.de\/magazin\/armbrust-faq\/","og_site_name":"Magazin - Bogensport Beier","article_modified_time":"2023-11-13T12:28:22+00:00","twitter_card":"summary_large_image","twitter_misc":{"Gesch\u00e4tzte Lesezeit":"4\u00a0Minuten"},"schema":{"@context":"https:\/\/schema.org","@graph":[{"@type":"WebPage","@id":"https:\/\/www.bogensport-beier.de\/magazin\/armbrust-faq\/","url":"https:\/\/www.bogensport-beier.de\/magazin\/armbrust-faq\/","name":"Armbrust FAQ - Magazin - Bogensport Beier","isPartOf":{"@id":"https:\/\/www.bogensport-beier.de\/magazin\/#website"},"datePublished":"2023-11-13T12:00:56+00:00","dateModified":"2023-11-13T12:28:22+00:00","description":"Hier beantworten wir die am h\u00e4ufigsten beantworteten Fragen zu Armbrusten - Armbrust FAQ - Wissensdatenbank rund um das Thema Armbrust.","breadcrumb":{"@id":"https:\/\/www.bogensport-beier.de\/magazin\/armbrust-faq\/#breadcrumb"},"inLanguage":"de","potentialAction":[{"@type":"ReadAction","target":["https:\/\/www.bogensport-beier.de\/magazin\/armbrust-faq\/"]}]},{"@type":"BreadcrumbList","@id":"https:\/\/www.bogensport-beier.de\/magazin\/armbrust-faq\/#breadcrumb","itemListElement":[{"@type":"ListItem","position":1,"name":"Startseite","item":"https:\/\/www.bogensport-beier.de\/magazin\/"},{"@type":"ListItem","position":2,"name":"Armbrust FAQ"}]},{"@type":"WebSite","@id":"https:\/\/www.bogensport-beier.de\/magazin\/#website","url":"https:\/\/www.bogensport-beier.de\/magazin\/","name":"Magazin - Bogensport Beier","description":"Alles rund um den Bogensport","potentialAction":[{"@type":"SearchAction","target":{"@type":"EntryPoint","urlTemplate":"https:\/\/www.bogensport-beier.de\/magazin\/?s={search_term_string}"},"query-input":{"@type":"PropertyValueSpecification","valueRequired":true,"valueName":"search_term_string"}}],"inLanguage":"de"}]}},"_links":{"self":[{"href":"https:\/\/www.bogensport-beier.de\/magazin\/wp-json\/wp\/v2\/pages\/1427","targetHints":{"allow":["GET"]}}],"collection":[{"href":"https:\/\/www.bogensport-beier.de\/magazin\/wp-json\/wp\/v2\/pages"}],"about":[{"href":"https:\/\/www.bogensport-beier.de\/magazin\/wp-json\/wp\/v2\/types\/page"}],"author":[{"embeddable":true,"href":"https:\/\/www.bogensport-beier.de\/magazin\/wp-json\/wp\/v2\/users\/1"}],"replies":[{"embeddable":true,"href":"https:\/\/www.bogensport-beier.de\/magazin\/wp-json\/wp\/v2\/comments?post=1427"}],"version-history":[{"count":6,"href":"https:\/\/www.bogensport-beier.de\/magazin\/wp-json\/wp\/v2\/pages\/1427\/revisions"}],"predecessor-version":[{"id":1434,"href":"https:\/\/www.bogensport-beier.de\/magazin\/wp-json\/wp\/v2\/pages\/1427\/revisions\/1434"}],"wp:attachment":[{"href":"https:\/\/www.bogensport-beier.de\/magazin\/wp-json\/wp\/v2\/media?parent=1427"}],"curies":[{"name":"wp","href":"https:\/\/api.w.org\/{rel}","templated":true}]}}